rs of 765?
3, 5, 17
What are the prime factors of 2749?
2749
List the prime factors of 11866.
2, 17, 349
What are the prime factors of 169098?
2, 3, 28183
What are the prime factors of 1939?
7, 277
List the prime factors of 1835.
5, 367
What are the prime factors of 45131?
45131
What are the prime factors of 19995?
3, 5, 31, 43
What are the prime factors of 56240?
2, 5, 19, 37
What are the prime factors of 948?
2, 3, 79
What are the prime factors of 11428?
2, 2857
What are the prime factors of 786?
2, 3, 131
What are the prime factors of 8373?
3, 2791
List the prime factors of 42370.
2, 5, 19, 223
What are the prime factors of 44618?
2, 7, 3187
List the prime factors of 3161.
29, 109
List the prime factors of 8390.
2, 5, 839
List the prime factors of 139422.
2, 3, 19, 1223
List the prime factors of 7203.
3, 7
List the prime factors of 21608.
2, 37, 73
What are the prime factors of 1510?
2, 5, 151
List the prime factors of 1083.
3, 19
What are the prime factors of 6781?
6781
What are the prime factors of 66862?
2, 101, 331
What are the prime factors of 5527?
5527
List the prime factors of 4272.
2, 3, 89
List the prime factors of 3873.
3, 1291
List the prime factors of 929.
929
List the prime factors of 12892.
2, 11, 293
What are the prime factors of 16121?
7, 47
What are the prime factors of 6315?
3, 5, 421
List the prime factors of 59871.
3, 7, 2851
List the prime factors of 24283.
7, 3469
List the prime factors of 3823.
3823
What are the prime factors of 3190?
2, 5, 11, 29
What are the prime factors of 764?
2, 191
What are the prime factors of 6548?
2, 1637
What are the prime factors of 10975?
5, 439
List the prime factors of 74.
2, 37
List the prime factors of 5415.
3, 5, 19
List the prime factors of 2103.
3, 701
List the prime factors of 1286.
2, 643
List the prime factors of 33598.
2, 107, 157
What are the prime factors of 20957?
19, 1103
What are the prime factors of 1824?
2, 3, 19
List the prime factors of 127350.
2, 3, 5, 283
List the prime factors of 33951.
3, 11317
What are the prime factors of 13552?
2, 7, 11
What are the prime factors of 7677?
3, 853
List the prime factors of 2227.
17, 131
What are the prime factors of 2005?
5, 401
List the prime factors of 480.
2, 3, 5
What are the prime factors of 24450?
2, 3, 5, 163
List the prime factors of 79634.
2, 29, 1373
What are the prime factors of 8436?
2, 3, 19, 37
List the prime factors of 1565.
5, 313
List the prime factors of 20320.
2, 5, 127
List the prime factors of 2087.
2087
What are the prime factors of 793?
13, 61
List the prime factors of 74134.
2, 101, 367
List the prime factors of 30293.
30293
List the prime factors of 3834.
2, 3, 71
What are the prime factors of 9630?
2, 3, 5, 107
What are the prime factors of 3015?
3, 5, 67
What are the prime factors of 316?
2, 79
List the prime factors of 110069.
110069
List the prime factors of 105243.
3, 35081
What are the prime factors of 1316?
2, 7, 47
What are the prime factors of 773?
773
List the prime factors of 30016.
2, 7, 67
What are the prime factors of 148367?
148367
What are the prime factors of 54384?
2, 3, 11, 103
List the prime factors of 1054.
2, 17, 31
List the prime factors of 7566.
2, 3, 13, 97
What are the prime factors of 3488?
2, 109
What are the prime factors of 39858?
2, 3, 7, 13, 73
List the prime factors of 101842.
2, 13, 3917
What are the prime factors of 1052?
2, 263
List the prime factors of 740.
2, 5, 37
List the prime factors of 4116.
2, 3, 7
List the prime factors of 1371.
3, 457
What are the prime factors of 15804?
2, 3, 439
What are the prime factors of 3539?
3539
List the prime factors of 27391.
7, 13, 43
What are the prime factors of 5892?
2, 3, 491
What are the prime factors of 3569?
43, 83
What are the prime factors of 2206?
2, 1103
What are the prime factors of 3795?
3, 5, 11, 23
What are the prime factors of 199?
199
What are the prime factors of 1623?
3, 541
What are the prime factors of 9649?
9649
List the prime factors of 33294.
2, 3, 31, 179
List the prime factors of 34669.
37, 937
What are the prime factors of 1953?
3, 7, 31
List the prime factors of 2454.
2, 3, 409
List the prime factors of 4671.
3, 173
List the prime factors of 14620.
2, 5, 17, 43
What are the prime factors of 2819?
2819
What are the prime factors of 1527?
3, 509
What are the prime factors of 10831?
10831
List the prime factors of 62781.
3, 17, 1231
What are the prime factors of 140220?
2, 3, 5, 19, 41
List the prime factors of 2946.
2, 3, 491
What are the prime factors of 1448?
2, 181
List the prime factors of 38832.
2, 3, 809
List the prime factors of 2484.
2, 3, 23
What are the prime factors of 47942?
2, 23971
List the prime factors of 8433.
3, 937
List the prime factors of 7559.
7559
What are the prime factors of 11151?
3, 7, 59
What are the prime factors of 6974?
2, 11, 317
What are the prime factors of 23272?
2, 2909
What are the prime factors of 622?
2, 311
List the prime factors of 423.
3, 47
What are the prime factors of 11124?
2, 3, 103
List the prime factors of 153592.
2, 73, 263
What are the prime factors of 61869?
3, 41, 503
What are the prime factors of 6881?
7, 983
What are the prime factors of 1229?
1229
What are the prime factors of 18711?
3, 7, 11
List the prime factors of 14436.
2, 3, 401
List the prime factors of 415.
5, 83
What are the prime factors of 6353?
6353
List the prime factors of 18884.
2, 4721
List the prime factors of 8705.
5, 1741
What are the prime factors of 7026?
2, 3, 1171
List the prime factors of 11516.
2, 2879
List the prime factors of 94246.
2, 47123
List the prime factors of 739.
739
List the prime factors of 12099.
3, 37, 109
What are the prime factors of 596?
2, 149
What are the prime factors of 7420?
2, 5, 7, 53
What are the prime factors of 5297?
5297
What are the prime factors of 4188?
2, 3, 349
What are the prime factors of 2053?
2053
List the prime factors of 16163.
7, 2309
List the prime factors of 43571.
11, 17, 233
List the prime factors of 5646.
2, 3, 941
List the prime factors of 61495.
5, 7, 251
List the prime factors of 567.
3, 7
List the prime factors of 41804.
2, 7, 1493
List the prime factors of 1578.
2, 3, 263
List the prime factors of 62078.
2, 31039
What are the prime factors of 1384?
2, 173
What are the prime factors of 39374?
2, 19687
List the prime factors of 19046.
2, 89, 107
List the prime factors of 2342.
2, 1171
List the prime factors of 137746.
2, 7, 9839
What are the prime factors of 536?
2, 67
List the prime factors of 7655.
5, 1531
List the prime factors of 3168.
2, 3, 11
What are the prime factors of 3036?
2, 3, 11, 23
What are the prime factors of 84?
2, 3, 7
List the prime factors of 41429.
17, 2437
List the prime factors of 23696.
2, 1481
What are the prime factors of 25703?
25703
List the prime factors of 3250.
2, 5, 13
List the prime factors of 100.
2, 5
List the prime factors of 21693.
3, 7, 1033
List the prime factors of 9496.
2, 1187
What are the prime factors of 6042?
2, 3, 19, 53
List the prime factors of 24209.
43, 563
List the prime factors of 31373.
137, 229
List the prime factors of 566.
2, 283
List the prime factors of 171282.
2, 3, 28547
What are the prime factors of 163480?
2, 5, 61, 67
What are the prime factors of 1202?
2, 601
What are the prime factors of 8655?
3, 5, 577
What are the prime factors of 19055?
5, 37, 103
What are the prime factors of 730?
2, 5, 73
What are the prime factors of 47828?
2, 11, 1087
List the prime factors of 104.
2, 13
List the prime factors of 1551.
3, 11, 47
What are the prime factors of 3596?
2, 29, 31
What are the prime factors of 60746?
2, 7, 4339
What are the prime factors of 27?
3
What are the prime factors of 12800?
2, 5
List the prime factors of 2797.
2797
What are the prime factors of 155230?
2, 5, 19, 43
List the prime factors of 31368.
2, 3, 1307
What are the prime factors of 9752?
2, 23, 53
List the prime factors of 1779.
3, 593
What are the prime factors of 5610?
2, 3, 5, 11, 17
List the prime factors of 3902.
2, 1951
List the prime factors of 21105.
3, 5, 7, 67
What are the prime factors of 197?
197
List the prime factors of 463.
463
What are the prime factors of 39122?
2, 31, 631
What are the prime factors of 4922?
2, 23, 107
List the prime factors of 382.
2, 191
What are the prime fa